 are the prime factors of 12992616?
2, 3, 7, 13, 661
List the prime factors of 14763288.
2, 3, 615137
What are the prime factors of 617450?
2, 5, 53, 233
List the prime factors of 21757142.
2, 11, 41, 24121
What are the prime factors of 338627?
97, 3491
List the prime factors of 5627185.
5, 563, 1999
What are the prime factors of 25544991?
3, 227, 37511
List the prime factors of 9457628.
2, 2364407
List the prime factors of 2027826.
2, 3, 112657
List the prime factors of 535713.
3, 178571
What are the prime factors of 2701360?
2, 5, 33767
What are the prime factors of 1061750?
2, 5, 31, 137
What are the prime factors of 3264492?
2, 3, 7, 11, 3533
List the prime factors of 10049079.
3, 61, 89, 617
What are the prime factors of 398291?
23, 17317
List the prime factors of 536085.
3, 5, 11, 19
What are the prime factors of 886448?
2, 17, 3259
What are the prime factors of 272376?
2, 3, 13, 97
List the prime factors of 481865.
5, 17, 5669
List the prime factors of 20288112.
2, 3, 13, 41, 61
List the prime factors of 9849972.
2, 3, 11, 71, 1051
What are the prime factors of 1787539?
13, 19, 7237
What are the prime factors of 7321096?
2, 47, 19471
What are the prime factors of 1629733?
7, 232819
What are the prime factors of 5284273?
23, 229751
List the prime factors of 8073822.
2, 3, 19, 70823
What are the prime factors of 6450329?
19, 339491
What are the prime factors of 348668?
2, 67, 1301
What are the prime factors of 201892?
2, 17, 2969
List the prime factors of 176369.
176369
List the prime factors of 1318364.
2, 329591
What are the prime factors of 363903?
3, 101, 1201
What are the prime factors of 835753?
19, 43987
What are the prime factors of 3305152?
2, 43, 1201
List the prime factors of 9617251.
7, 43, 89, 359
List the prime factors of 16941301.
13, 37, 35221
List the prime factors of 1038811.
1038811
What are the prime factors of 1181854?
2, 37, 15971
List the prime factors of 1637721.
3, 283, 643
List the prime factors of 76239.
3, 43, 197
What are the prime factors of 4027378?
2, 953, 2113
What are the prime factors of 2798290?
2, 5, 11, 25439
List the prime factors of 7102289.
89, 79801
What are the prime factors of 197472?
2, 3, 11, 17
What are the prime factors of 58134?
2, 3, 9689
List the prime factors of 391472.
2, 43, 569
List the prime factors of 10735078.
2, 5367539
What are the prime factors of 16522691?
17, 101, 9623
What are the prime factors of 6557533?
6557533
List the prime factors of 23626527.
3, 787, 10007
What are the prime factors of 6789362?
2, 3394681
What are the prime factors of 80708?
2, 20177
What are the prime factors of 241139?
293, 823
List the prime factors of 1014334.
2, 19, 26693
What are the prime factors of 1130020?
2, 5, 56501
What are the prime factors of 33100?
2, 5, 331
What are the prime factors of 88766?
2, 44383
What are the prime factors of 4320387?
3, 480043
List the prime factors of 2676806.
2, 11, 281, 433
What are the prime factors of 12244129?
101, 121229
List the prime factors of 205186.
2, 102593
List the prime factors of 8359052.
2, 13, 160751
List the prime factors of 822696.
2, 3, 7, 59, 83
List the prime factors of 4734797.
4734797
List the prime factors of 8912697.
3, 839, 3541
List the prime factors of 2760666.
2, 3, 460111
List the prime factors of 4513137.
3, 1504379
List the prime factors of 424575.
3, 5, 17, 37
What are the prime factors of 25979080?
2, 5, 19, 34183
List the prime factors of 31284704.
2, 11, 31, 47, 61
What are the prime factors of 589398?
2, 3, 23, 4271
What are the prime factors of 8438440?
2, 5, 210961
What are the prime factors of 31821204?
2, 3, 43, 83, 743
List the prime factors of 476379.
3, 41, 1291
List the prime factors of 672508.
2, 168127
List the prime factors of 9689392.
2, 19, 31873
What are the prime factors of 44496340?
2, 5, 7, 317831
What are the prime factors of 4370307?
3, 59, 24691
What are the prime factors of 88955?
5, 17791
List the prime factors of 172990.
2, 5, 17299
What are the prime factors of 10286867?
1423, 7229
What are the prime factors of 220405?
5, 17, 2593
List the prime factors of 8569316.
2, 7, 43721
What are the prime factors of 1984705?
5, 277, 1433
List the prime factors of 2701038.
2, 3, 67, 6719
What are the prime factors of 2767202?
2, 829, 1669
List the prime factors of 661014.
2, 3, 12241
List the prime factors of 85622.
2, 31, 1381
List the prime factors of 7595657.
7595657
List the prime factors of 3553525.
5, 307, 463
List the prime factors of 28550.
2, 5, 571
List the prime factors of 1083683.
233, 4651
What are the prime factors of 157573?
13, 17, 23, 31
List the prime factors of 5503236.
2, 3, 19, 24137
List the prime factors of 4377948.
2, 3, 364829
List the prime factors of 11260854.
2, 3, 11, 56873
List the prime factors of 656924.
2, 164231
List the prime factors of 600718.
2, 31, 9689
What are the prime factors of 3672400?
2, 5, 9181
What are the prime factors of 238722?
2, 3, 11, 3617
List the prime factors of 20038820.
2, 5, 1001941
List the prime factors of 845914.
2, 479, 883
List the prime factors of 516161.
516161
What are the prime factors of 2596750?
2, 5, 13, 17, 47
List the prime factors of 2443536.
2, 3, 71, 239
List the prime factors of 425948.
2, 106487
What are the prime factors of 174289?
174289
What are the prime factors of 656694?
2, 3, 12161
What are the prime factors of 2290243?
2290243
List the prime factors of 4044272.
2, 252767
What are the prime factors of 464579?
383, 1213
List the prime factors of 254881.
11, 17, 29, 47
List the prime factors of 6416728.
2, 431, 1861
What are the prime factors of 2100645?
3, 5, 46681
List the prime factors of 561657.
3, 187219
List the prime factors of 5529929.
43, 128603
List the prime factors of 3056834.
2, 11, 19, 71, 103
List the prime factors of 2972498.
2, 1486249
List the prime factors of 15640767.
3, 1737863
List the prime factors of 4705805.
5, 13, 5569
List the prime factors of 10067731.
10067731
What are the prime factors of 619818?
2, 3, 19, 5437
What are the prime factors of 24064?
2, 47
What are the prime factors of 255036?
2, 3, 53, 401
List the prime factors of 372513.
3, 124171
List the prime factors of 131291.
17, 7723
What are the prime factors of 200342?
2, 109, 919
What are the prime factors of 3040183?
1279, 2377
What are the prime factors of 1025321?
11, 17, 5483
What are the prime factors of 1165454?
2, 582727
What are the prime factors of 81669?
3, 7, 3889
List the prime factors of 3038956.
2, 759739
List the prime factors of 213137.
131, 1627
What are the prime factors of 90646?
2, 61, 743
List the prime factors of 20434055.
5, 4086811
What are the prime factors of 4703586?
2, 3, 783931
What are the prime factors of 161843?
11, 14713
List the prime factors of 91961.
91961
What are the prime factors of 129743?
23, 5641
List the prime factors of 5762141.
7, 11, 6803
List the prime factors of 363073.
67, 5419
List the prime factors of 27878727.
3, 101, 92009
What are the prime factors of 53789?
19, 149
What are the prime factors of 149662?
2, 74831
What are the prime factors of 57202?
2, 37, 773
List the prime factors of 1046126.
2, 31, 47, 359
List the prime factors of 8286333.
3, 11, 293, 857
List the prime factors of 852833.
852833
List the prime factors of 4620366.
2, 3, 256687
What are the prime factors of 9865565?
5, 1973113
What are the prime factors of 1482383?
7, 17, 12457
List the prime factors of 3396506.
2, 1698253
List the prime factors of 103185.
3, 5, 2293
What are the prime factors of 925555?
5, 37, 5003
What are the prime factors of 1345637?
19, 70823
What are the prime factors of 8221037?
11, 523, 1429
What are the prime factors of 48261?
3, 16087
What are the prime factors of 115560?
2, 3, 5, 107
List the prime factors of 565414.
2, 282707
List the prime factors of 1417152.
2, 3, 11, 61
What are the prime factors of 530697?
3, 176899
What are the prime factors of 684533?
167, 4099
List the prime factors of 28194938.
2, 229, 61561
List the prime factors of 9574383.
3, 7, 13, 17, 2063
List the prime factors of 8555935.
5, 1109, 1543
What are the prime factors of 3006?
2, 3, 167
List the prime factors of 30388601.
499, 60899
What are the prime factors of 39535890?
2, 3, 5, 41, 32143
List the prime factor